{"id":1230,"date":"2026-02-26T11:32:47","date_gmt":"2026-02-26T11:32:47","guid":{"rendered":"https:\/\/solopub.fr\/?page_id=1230"},"modified":"2026-02-26T12:13:31","modified_gmt":"2026-02-26T12:13:31","slug":"decoupe-vinyle","status":"publish","type":"page","link":"https:\/\/solopub.fr\/index.php\/decoupe-vinyle\/","title":{"rendered":"d\u00e9coupe vinyle"},"content":{"rendered":"\n<div class=\"wp-block-group has-global-padding is-layout-constrained wp-block-group-is-layout-constrained\">\n<div class=\"wp-block-columns is-layout-flex wp-container-core-columns-is-layout-77b4d8c0 wp-block-columns-is-layout-flex\">\n<div class=\"wp-block-column is-vertically-aligned-center is-layout-flow wp-block-column-is-layout-flow\">\n<div class=\"wp-block-essential-blocks-advanced-heading  root-eb-advance-heading-tp0xb\"><div class=\"eb-parent-wrapper eb-parent-eb-advance-heading-tp0xb \"><div class=\"eb-advance-heading-wrapper eb-advance-heading-tp0xb button-1 undefined\" data-id=\"eb-advance-heading-tp0xb\"><h2 class=\"eb-ah-title\"><span class=\"first-title\"><strong>BOOSTEZ VOTRE VISIBILIT\u00c9 AVEC LA D\u00c9COUPE VINYLE<\/strong><\/span><\/h2><\/div><\/div><\/div>\n<\/div>\n\n\n\n<div class=\"wp-block-column is-style-section-2 is-layout-flow wp-block-column-is-layout-flow is-style-section-2--1\" style=\"flex-basis:1px\"><\/div>\n\n\n\n<div class=\"wp-block-column is-vertically-aligned-center is-layout-flow wp-block-column-is-layout-flow\">\n<div class=\"wp-block-essential-blocks-text  root-eb-text-x5t4y\"><div class=\"eb-parent-wrapper eb-parent-eb-text-x5t4y \"><div class=\"eb-text-wrapper eb-text-x5t4y\" data-id=\"eb-text-x5t4y\"><p class=\"eb-text\"><strong>Pr\u00e9cision \u2022 Visibilit\u00e9 \u2022 Impact<br><\/strong>Lettrage, logos et habillage vitrine sur mesure pour attirer l\u2019attention et valoriser votre marque.<br>R\u00e9sistant, esth\u00e9tique et parfaitement adapt\u00e9 \u00e0 votre image.<\/p><\/div><\/div><\/div>\n<\/div>\n<\/div>\n\n\n\n<div class=\"wp-block-essential-blocks-button  root-eb-button-9716i\"><div class=\"eb-parent-wrapper eb-parent-eb-button-9716i \"><div class=\"eb-button-wrapper eb-button-alignment eb-button-9716i\"><div class=\"eb-button\"><div class=\"eb-button-inner-wrapper \"><a class=\"eb-button-anchor hvr-sweep-to-left  \" href=\"https:\/\/solopub.fr\/index.php\/contactez-nous\/\" rel=\"noopener\"><strong>Contactez SOLOPUB maintenant !<\/strong><\/a><\/div><\/div><\/div><\/div><\/div>\n<\/div>\n\n\n","protected":false},"excerpt":{"rendered":"","protected":false},"author":1,"featured_media":0,"parent":0,"menu_order":0,"comment_status":"closed","ping_status":"closed","template":"","meta":{"_eb_attr":"","footnotes":""},"class_list":["post-1230","page","type-page","status-publish","hentry"],"_links":{"self":[{"href":"https:\/\/solopub.fr\/index.php\/wp-json\/wp\/v2\/pages\/1230","targetHints":{"allow":["GET"]}}],"collection":[{"href":"https:\/\/solopub.fr\/index.php\/wp-json\/wp\/v2\/pages"}],"about":[{"href":"https:\/\/solopub.fr\/index.php\/wp-json\/wp\/v2\/types\/page"}],"author":[{"embeddable":true,"href":"https:\/\/solopub.fr\/index.php\/wp-json\/wp\/v2\/users\/1"}],"replies":[{"embeddable":true,"href":"https:\/\/solopub.fr\/index.php\/wp-json\/wp\/v2\/comments?post=1230"}],"version-history":[{"count":5,"href":"https:\/\/solopub.fr\/index.php\/wp-json\/wp\/v2\/pages\/1230\/revisions"}],"predecessor-version":[{"id":1264,"href":"https:\/\/solopub.fr\/index.php\/wp-json\/wp\/v2\/pages\/1230\/revisions\/1264"}],"wp:attachment":[{"href":"https:\/\/solopub.fr\/index.php\/wp-json\/wp\/v2\/media?parent=1230"}],"curies":[{"name":"wp","href":"https:\/\/api.w.org\/{rel}","templated":true}]}}