{"id":33,"date":"2026-01-30T13:45:36","date_gmt":"2026-01-30T13:45:36","guid":{"rendered":"http:\/\/solopub.fr\/?page_id=33"},"modified":"2026-03-17T11:18:44","modified_gmt":"2026-03-17T11:18:44","slug":"impression-numerique","status":"publish","type":"page","link":"https:\/\/solopub.fr\/index.php\/impression-numerique\/","title":{"rendered":"Impression num\u00e9rique"},"content":{"rendered":"\n<div class=\"wp-block-columns is-layout-flex wp-container-core-columns-is-layout-17fc1b09 wp-block-columns-is-layout-flex\">\n<div class=\"wp-block-column is-vertically-aligned-center is-layout-flow wp-block-column-is-layout-flow\">\n<div class=\"wp-block-essential-blocks-advanced-heading  root-eb-advance-heading-8seks\"><div class=\"eb-parent-wrapper eb-parent-eb-advance-heading-8seks \"><div class=\"eb-advance-heading-wrapper eb-advance-heading-8seks button-1 undefined\" data-id=\"eb-advance-heading-8seks\"><h2 class=\"eb-ah-title\"><span class=\"first-title\"><strong>Impression Num\u00e9rique Rapide &amp; HAUTE QUALIT\u00e9<\/strong><\/span><\/h2><\/div><\/div><\/div>\n<\/div>\n\n\n\n<div class=\"wp-block-column is-style-section-2 is-layout-flow wp-block-column-is-layout-flow is-style-section-2--1\" style=\"flex-basis:1px\"><\/div>\n\n\n\n<div class=\"wp-block-column is-vertically-aligned-center is-layout-flow wp-block-column-is-layout-flow\">\n<div class=\"wp-block-essential-blocks-text  root-eb-text-y66uk\"><div class=\"eb-parent-wrapper eb-parent-eb-text-y66uk \"><div class=\"eb-text-wrapper eb-text-y66uk\" data-id=\"eb-text-y66uk\"><p class=\"eb-text\">L\u2019impression num\u00e9rique est la solution id\u00e9ale pour les petites et moyennes s\u00e9ries, offrant une grande rapidit\u00e9 d\u2019ex\u00e9cution, une flexibilit\u00e9 maximale et une qualit\u00e9 d\u2019impression remarquable. Elle permet de produire une large gamme de supports de communication visuelle tels que le <strong>vinyle autocollant, la b\u00e2che enduite, le papier peint personnalis\u00e9, le one way vision, le backlight et le canvas<\/strong>. Gr\u00e2ce \u00e0 des technologies d\u2019impression haute d\u00e9finition et des mat\u00e9riaux de qualit\u00e9, vos visuels b\u00e9n\u00e9ficient de couleurs intenses, d\u2019une excellente durabilit\u00e9 et d\u2019un rendu professionnel, pour une communication visuelle moderne, efficace et impactante.<br><\/p><\/div><\/div><\/div>\n<\/div>\n<\/div>\n\n\n\n<div class=\"wp-block-essential-blocks-button  root-eb-button-fl6xg\"><div class=\"eb-parent-wrapper eb-parent-eb-button-fl6xg \"><div class=\"eb-button-wrapper eb-button-alignment eb-button-fl6xg\"><div class=\"eb-button\"><div class=\"eb-button-inner-wrapper \"><a class=\"eb-button-anchor hvr-sweep-to-left  \" href=\"https:\/\/solopub.fr\/index.php\/contactez-nous\/\" rel=\"noopener\"><strong>Lancez votre impression<\/strong> !<\/a><\/div><\/div><\/div><\/div><\/div>\n\n\n\n<hr class=\"wp-block-separator has-alpha-channel-opacity is-style-wide\"\/>\n\n\n\n<h2 class=\"wp-block-heading has-text-align-center\"><strong>nos r\u00e9alisationS<\/strong><\/h2>\n\n\n\n<div style=\"height:14px\" aria-hidden=\"true\" class=\"wp-block-spacer\"><\/div>\n\n\n<div class=\"kb-gallery-wrap-id-33_cc6249-bf alignnone wp-block-kadence-advancedgallery\"><ul class=\"kb-gallery-ul kb-gallery-non-static kb-gallery-type-grid kb-gallery-id-33_cc6249-bf kb-gallery-caption-style-bottom-hover kb-gallery-filter-none\" data-image-filter=\"none\" data-item-selector=\".kadence-blocks-gallery-item\" data-lightbox-caption=\"true\" data-columns-xxl=\"3\" data-columns-xl=\"3\" data-columns-md=\"3\" data-columns-sm=\"2\" data-columns-xs=\"2\" data-columns-ss=\"2\"><li class=\"kadence-blocks-gallery-item\" tabindex=\"0\"><div class=\"kadence-blocks-gallery-item-inner\"><figure class=\"kb-gallery-figure kadence-blocks-gallery-item-hide-caption\"><div class=\"kb-gal-image-radius\"><div class=\"kb-gallery-image-contain kadence-blocks-gallery-intrinsic kb-gallery-image-ratio-land32 kb-has-image-ratio-land32\" ><img loading=\"lazy\" decoding=\"async\" src=\"https:\/\/solopub.fr\/wp-content\/uploads\/2026\/03\/IMG_4260-768x1024.jpg\" width=\"768\" height=\"1024\" alt=\"\" data-full-image=\"https:\/\/solopub.fr\/wp-content\/uploads\/2026\/03\/IMG_4260-scaled.jpg\" data-light-image=\"https:\/\/solopub.fr\/wp-content\/uploads\/2026\/03\/IMG_4260-scaled.jpg\" data-id=\"1288\" class=\"wp-image-1288\" srcset=\"https:\/\/solopub.fr\/wp-content\/uploads\/2026\/03\/IMG_4260-768x1024.jpg 768w, https:\/\/solopub.fr\/wp-content\/uploads\/2026\/03\/IMG_4260-225x300.jpg 225w, https:\/\/solopub.fr\/wp-content\/uploads\/2026\/03\/IMG_4260-1152x1536.jpg 1152w, https:\/\/solopub.fr\/wp-content\/uploads\/2026\/03\/IMG_4260-1536x2048.jpg 1536w, https:\/\/solopub.fr\/wp-content\/uploads\/2026\/03\/IMG_4260-scaled.jpg 1920w\" sizes=\"auto, (max-width: 768px) 100vw, 768px\" \/><\/div><\/div><\/figure><\/div><\/li><li class=\"kadence-blocks-gallery-item\" tabindex=\"0\"><div class=\"kadence-blocks-gallery-item-inner\"><figure class=\"kb-gallery-figure kadence-blocks-gallery-item-hide-caption\"><div class=\"kb-gal-image-radius\"><div class=\"kb-gallery-image-contain kadence-blocks-gallery-intrinsic kb-gallery-image-ratio-land32 kb-has-image-ratio-land32\" ><img loading=\"lazy\" decoding=\"async\" src=\"https:\/\/solopub.fr\/wp-content\/uploads\/2026\/03\/B73625D1-9D8F-4EBB-8687-4CFF0671C57F-576x1024.jpg\" width=\"576\" height=\"1024\" alt=\"\" data-full-image=\"https:\/\/solopub.fr\/wp-content\/uploads\/2026\/03\/B73625D1-9D8F-4EBB-8687-4CFF0671C57F-scaled.jpg\" data-light-image=\"https:\/\/solopub.fr\/wp-content\/uploads\/2026\/03\/B73625D1-9D8F-4EBB-8687-4CFF0671C57F-scaled.jpg\" data-id=\"1289\" class=\"wp-image-1289\" srcset=\"https:\/\/solopub.fr\/wp-content\/uploads\/2026\/03\/B73625D1-9D8F-4EBB-8687-4CFF0671C57F-576x1024.jpg 576w, https:\/\/solopub.fr\/wp-content\/uploads\/2026\/03\/B73625D1-9D8F-4EBB-8687-4CFF0671C57F-169x300.jpg 169w, https:\/\/solopub.fr\/wp-content\/uploads\/2026\/03\/B73625D1-9D8F-4EBB-8687-4CFF0671C57F-768x1365.jpg 768w, https:\/\/solopub.fr\/wp-content\/uploads\/2026\/03\/B73625D1-9D8F-4EBB-8687-4CFF0671C57F-864x1536.jpg 864w, https:\/\/solopub.fr\/wp-content\/uploads\/2026\/03\/B73625D1-9D8F-4EBB-8687-4CFF0671C57F-1152x2048.jpg 1152w, https:\/\/solopub.fr\/wp-content\/uploads\/2026\/03\/B73625D1-9D8F-4EBB-8687-4CFF0671C57F-scaled.jpg 1440w\" sizes=\"auto, (max-width: 576px) 100vw, 576px\" \/><\/div><\/div><\/figure><\/div><\/li><li class=\"kadence-blocks-gallery-item\" tabindex=\"0\"><div class=\"kadence-blocks-gallery-item-inner\"><figure class=\"kb-gallery-figure kadence-blocks-gallery-item-hide-caption\"><div class=\"kb-gal-image-radius\"><div class=\"kb-gallery-image-contain kadence-blocks-gallery-intrinsic kb-gallery-image-ratio-land32 kb-has-image-ratio-land32\" ><img loading=\"lazy\" decoding=\"async\" src=\"https:\/\/solopub.fr\/wp-content\/uploads\/2026\/03\/IMG_2885.jpg\" width=\"692\" height=\"922\" alt=\"\" data-full-image=\"https:\/\/solopub.fr\/wp-content\/uploads\/2026\/03\/IMG_2885.jpg\" data-light-image=\"https:\/\/solopub.fr\/wp-content\/uploads\/2026\/03\/IMG_2885.jpg\" data-id=\"1300\" class=\"wp-image-1300\" srcset=\"https:\/\/solopub.fr\/wp-content\/uploads\/2026\/03\/IMG_2885.jpg 692w, https:\/\/solopub.fr\/wp-content\/uploads\/2026\/03\/IMG_2885-225x300.jpg 225w\" sizes=\"auto, (max-width: 692px) 100vw, 692px\" \/><\/div><\/div><\/figure><\/div><\/li><li class=\"kadence-blocks-gallery-item\" tabindex=\"0\"><div class=\"kadence-blocks-gallery-item-inner\"><figure class=\"kb-gallery-figure kadence-blocks-gallery-item-hide-caption\"><div class=\"kb-gal-image-radius\"><div class=\"kb-gallery-image-contain kadence-blocks-gallery-intrinsic kb-gallery-image-ratio-land32 kb-has-image-ratio-land32\" ><img loading=\"lazy\" decoding=\"async\" src=\"https:\/\/solopub.fr\/wp-content\/uploads\/2026\/03\/IMG_3286.jpg\" width=\"692\" height=\"922\" alt=\"\" data-full-image=\"https:\/\/solopub.fr\/wp-content\/uploads\/2026\/03\/IMG_3286.jpg\" data-light-image=\"https:\/\/solopub.fr\/wp-content\/uploads\/2026\/03\/IMG_3286.jpg\" data-id=\"1304\" class=\"wp-image-1304\" srcset=\"https:\/\/solopub.fr\/wp-content\/uploads\/2026\/03\/IMG_3286.jpg 692w, https:\/\/solopub.fr\/wp-content\/uploads\/2026\/03\/IMG_3286-225x300.jpg 225w\" sizes=\"auto, (max-width: 692px) 100vw, 692px\" \/><\/div><\/div><\/figure><\/div><\/li><li class=\"kadence-blocks-gallery-item\" tabindex=\"0\"><div class=\"kadence-blocks-gallery-item-inner\"><figure class=\"kb-gallery-figure kadence-blocks-gallery-item-hide-caption\"><div class=\"kb-gal-image-radius\"><div class=\"kb-gallery-image-contain kadence-blocks-gallery-intrinsic kb-gallery-image-ratio-land32 kb-has-image-ratio-land32\" ><img loading=\"lazy\" decoding=\"async\" src=\"https:\/\/solopub.fr\/wp-content\/uploads\/2026\/03\/IMG_9548-1024x768.jpg\" width=\"1024\" height=\"768\" alt=\"\" data-full-image=\"https:\/\/solopub.fr\/wp-content\/uploads\/2026\/03\/IMG_9548-scaled.jpg\" data-light-image=\"https:\/\/solopub.fr\/wp-content\/uploads\/2026\/03\/IMG_9548-scaled.jpg\" data-id=\"1292\" class=\"wp-image-1292\" srcset=\"https:\/\/solopub.fr\/wp-content\/uploads\/2026\/03\/IMG_9548-1024x768.jpg 1024w, https:\/\/solopub.fr\/wp-content\/uploads\/2026\/03\/IMG_9548-300x225.jpg 300w, https:\/\/solopub.fr\/wp-content\/uploads\/2026\/03\/IMG_9548-768x576.jpg 768w, https:\/\/solopub.fr\/wp-content\/uploads\/2026\/03\/IMG_9548-1536x1152.jpg 1536w, https:\/\/solopub.fr\/wp-content\/uploads\/2026\/03\/IMG_9548-2048x1536.jpg 2048w\" sizes=\"auto, (max-width: 1024px) 100vw, 1024px\" \/><\/div><\/div><\/figure><\/div><\/li><li class=\"kadence-blocks-gallery-item\" tabindex=\"0\"><div class=\"kadence-blocks-gallery-item-inner\"><figure class=\"kb-gallery-figure kadence-blocks-gallery-item-hide-caption\"><div class=\"kb-gal-image-radius\"><div class=\"kb-gallery-image-contain kadence-blocks-gallery-intrinsic kb-gallery-image-ratio-land32 kb-has-image-ratio-land32\" ><img loading=\"lazy\" decoding=\"async\" src=\"https:\/\/solopub.fr\/wp-content\/uploads\/2026\/03\/IMG_9435-1024x768.jpg\" width=\"1024\" height=\"768\" alt=\"\" data-full-image=\"https:\/\/solopub.fr\/wp-content\/uploads\/2026\/03\/IMG_9435-scaled.jpg\" data-light-image=\"https:\/\/solopub.fr\/wp-content\/uploads\/2026\/03\/IMG_9435-scaled.jpg\" data-id=\"1291\" class=\"wp-image-1291\" srcset=\"https:\/\/solopub.fr\/wp-content\/uploads\/2026\/03\/IMG_9435-1024x768.jpg 1024w, https:\/\/solopub.fr\/wp-content\/uploads\/2026\/03\/IMG_9435-300x225.jpg 300w, https:\/\/solopub.fr\/wp-content\/uploads\/2026\/03\/IMG_9435-768x576.jpg 768w, https:\/\/solopub.fr\/wp-content\/uploads\/2026\/03\/IMG_9435-1536x1152.jpg 1536w, https:\/\/solopub.fr\/wp-content\/uploads\/2026\/03\/IMG_9435-2048x1536.jpg 2048w\" sizes=\"auto, (max-width: 1024px) 100vw, 1024px\" \/><\/div><\/div><\/figure><\/div><\/li><li class=\"kadence-blocks-gallery-item\" tabindex=\"0\"><div class=\"kadence-blocks-gallery-item-inner\"><figure class=\"kb-gallery-figure kadence-blocks-gallery-item-hide-caption\"><div class=\"kb-gal-image-radius\"><div class=\"kb-gallery-image-contain kadence-blocks-gallery-intrinsic kb-gallery-image-ratio-land32 kb-has-image-ratio-land32\" ><img loading=\"lazy\" decoding=\"async\" src=\"https:\/\/solopub.fr\/wp-content\/uploads\/2026\/03\/IMG_8271-768x1024.jpg\" width=\"768\" height=\"1024\" alt=\"\" data-full-image=\"https:\/\/solopub.fr\/wp-content\/uploads\/2026\/03\/IMG_8271-scaled.jpg\" data-light-image=\"https:\/\/solopub.fr\/wp-content\/uploads\/2026\/03\/IMG_8271-scaled.jpg\" data-id=\"1290\" class=\"wp-image-1290\" srcset=\"https:\/\/solopub.fr\/wp-content\/uploads\/2026\/03\/IMG_8271-768x1024.jpg 768w, https:\/\/solopub.fr\/wp-content\/uploads\/2026\/03\/IMG_8271-225x300.jpg 225w, https:\/\/solopub.fr\/wp-content\/uploads\/2026\/03\/IMG_8271-1152x1536.jpg 1152w, https:\/\/solopub.fr\/wp-content\/uploads\/2026\/03\/IMG_8271-1536x2048.jpg 1536w, https:\/\/solopub.fr\/wp-content\/uploads\/2026\/03\/IMG_8271-scaled.jpg 1920w\" sizes=\"auto, (max-width: 768px) 100vw, 768px\" \/><\/div><\/div><\/figure><\/div><\/li><li class=\"kadence-blocks-gallery-item\" tabindex=\"0\"><div class=\"kadence-blocks-gallery-item-inner\"><figure class=\"kb-gallery-figure kadence-blocks-gallery-item-hide-caption\"><div class=\"kb-gal-image-radius\"><div class=\"kb-gallery-image-contain kadence-blocks-gallery-intrinsic kb-gallery-image-ratio-land32 kb-has-image-ratio-land32\" ><img loading=\"lazy\" decoding=\"async\" src=\"https:\/\/solopub.fr\/wp-content\/uploads\/2026\/02\/IMG_2858-1.jpg\" width=\"455\" height=\"607\" alt=\"\" data-full-image=\"https:\/\/solopub.fr\/wp-content\/uploads\/2026\/02\/IMG_2858-1.jpg\" data-light-image=\"https:\/\/solopub.fr\/wp-content\/uploads\/2026\/02\/IMG_2858-1.jpg\" data-id=\"757\" class=\"wp-image-757\" srcset=\"https:\/\/solopub.fr\/wp-content\/uploads\/2026\/02\/IMG_2858-1.jpg 455w, https:\/\/solopub.fr\/wp-content\/uploads\/2026\/02\/IMG_2858-1-225x300.jpg 225w\" sizes=\"auto, (max-width: 455px) 100vw, 455px\" \/><\/div><\/div><\/figure><\/div><\/li><li class=\"kadence-blocks-gallery-item\" tabindex=\"0\"><div class=\"kadence-blocks-gallery-item-inner\"><figure class=\"kb-gallery-figure kadence-blocks-gallery-item-hide-caption\"><div class=\"kb-gal-image-radius\"><div class=\"kb-gallery-image-contain kadence-blocks-gallery-intrinsic kb-gallery-image-ratio-land32 kb-has-image-ratio-land32\" ><img loading=\"lazy\" decoding=\"async\" src=\"https:\/\/solopub.fr\/wp-content\/uploads\/2026\/03\/IMG_4540-1024x783.jpg\" width=\"1024\" height=\"783\" alt=\"\" data-full-image=\"https:\/\/solopub.fr\/wp-content\/uploads\/2026\/03\/IMG_4540.jpg\" data-light-image=\"https:\/\/solopub.fr\/wp-content\/uploads\/2026\/03\/IMG_4540.jpg\" data-id=\"1307\" class=\"wp-image-1307\" srcset=\"https:\/\/solopub.fr\/wp-content\/uploads\/2026\/03\/IMG_4540-1024x783.jpg 1024w, https:\/\/solopub.fr\/wp-content\/uploads\/2026\/03\/IMG_4540-300x229.jpg 300w, https:\/\/solopub.fr\/wp-content\/uploads\/2026\/03\/IMG_4540-768x587.jpg 768w, https:\/\/solopub.fr\/wp-content\/uploads\/2026\/03\/IMG_4540.jpg 1206w\" sizes=\"auto, (max-width: 1024px) 100vw, 1024px\" \/><\/div><\/div><\/figure><\/div><\/li><\/ul><\/div>\n\n\n<p><\/p>\n","protected":false},"excerpt":{"rendered":"<p>nos r\u00e9alisationS<\/p>\n","protected":false},"author":1,"featured_media":1292,"parent":0,"menu_order":0,"comment_status":"closed","ping_status":"closed","template":"","meta":{"_eb_attr":"","footnotes":""},"class_list":["post-33","page","type-page","status-publish","has-post-thumbnail","hentry"],"_links":{"self":[{"href":"https:\/\/solopub.fr\/index.php\/wp-json\/wp\/v2\/pages\/33","targetHints":{"allow":["GET"]}}],"collection":[{"href":"https:\/\/solopub.fr\/index.php\/wp-json\/wp\/v2\/pages"}],"about":[{"href":"https:\/\/solopub.fr\/index.php\/wp-json\/wp\/v2\/types\/page"}],"author":[{"embeddable":true,"href":"https:\/\/solopub.fr\/index.php\/wp-json\/wp\/v2\/users\/1"}],"replies":[{"embeddable":true,"href":"https:\/\/solopub.fr\/index.php\/wp-json\/wp\/v2\/comments?post=33"}],"version-history":[{"count":14,"href":"https:\/\/solopub.fr\/index.php\/wp-json\/wp\/v2\/pages\/33\/revisions"}],"predecessor-version":[{"id":1311,"href":"https:\/\/solopub.fr\/index.php\/wp-json\/wp\/v2\/pages\/33\/revisions\/1311"}],"wp:featuredmedia":[{"embeddable":true,"href":"https:\/\/solopub.fr\/index.php\/wp-json\/wp\/v2\/media\/1292"}],"wp:attachment":[{"href":"https:\/\/solopub.fr\/index.php\/wp-json\/wp\/v2\/media?parent=33"}],"curies":[{"name":"wp","href":"https:\/\/api.w.org\/{rel}","templated":true}]}}