{"id":401,"date":"2026-02-12T12:09:01","date_gmt":"2026-02-12T12:09:01","guid":{"rendered":"https:\/\/solopub.fr\/?page_id=401"},"modified":"2026-02-19T10:28:08","modified_gmt":"2026-02-19T10:28:08","slug":"stand-hybride","status":"publish","type":"page","link":"https:\/\/solopub.fr\/index.php\/stand-hybride\/","title":{"rendered":"Stand Hybride"},"content":{"rendered":"\n<div class=\"wp-block-columns is-layout-flex wp-container-core-columns-is-layout-17fc1b09 wp-block-columns-is-layout-flex\">\n<div class=\"wp-block-column is-vertically-aligned-center is-layout-flow wp-block-column-is-layout-flow\" style=\"flex-basis:500px\">\n<div class=\"wp-block-essential-blocks-advanced-heading  root-eb-advance-heading-mnhjp\"><div class=\"eb-parent-wrapper eb-parent-eb-advance-heading-mnhjp \"><div class=\"eb-advance-heading-wrapper eb-advance-heading-mnhjp button-1 undefined\" data-id=\"eb-advance-heading-mnhjp\"><h2 class=\"eb-ah-title\"><span class=\"first-title\"><strong>Flexible, \u00e9volutif, personnalis\u00e9 :<br>Un design 100 % hybride.<\/strong><\/span><\/h2><\/div><\/div><\/div>\n<\/div>\n\n\n\n<div class=\"wp-block-column is-style-section-2 is-layout-flow wp-block-column-is-layout-flow is-style-section-2--1\" style=\"flex-basis:1px\"><\/div>\n\n\n\n<div class=\"wp-block-column is-layout-flow wp-block-column-is-layout-flow\">\n<div class=\"wp-block-essential-blocks-text  root-eb-text-f8p6p\"><div class=\"eb-parent-wrapper eb-parent-eb-text-f8p6p \"><div class=\"eb-text-wrapper eb-text-f8p6p\" data-id=\"eb-text-f8p6p\"><p class=\"eb-text\"><strong>Solo Pub combine le meilleur du stand traditionnel et du stand modulable<\/strong> en proposant une nouvelle g\u00e9n\u00e9ration de stands hybrides.<br>Cette approche innovante associe la qualit\u00e9 de la menuiserie traditionnelle \u00e0 des composants modulaires durables, \u00e9co-responsables et enti\u00e8rement ajustables, afin de concr\u00e9tiser tous vos projets d\u2019exposition.<br>Une solution flexible, esth\u00e9tique et performante, con\u00e7ue pour \u00e9voluer avec vos besoins.<\/p><\/div><\/div><\/div>\n<\/div>\n<\/div>\n\n\n\n<div class=\"wp-block-essential-blocks-button  root-eb-button-3ovyv\"><div class=\"eb-parent-wrapper eb-parent-eb-button-3ovyv \"><div class=\"eb-button-wrapper eb-button-alignment eb-button-3ovyv\"><div class=\"eb-button\"><div class=\"eb-button-inner-wrapper \"><a class=\"eb-button-anchor hvr-bounce-to-right  \" href=\"https:\/\/solopub.fr\/index.php\/contactez-nous\/\" rel=\"noopener\"><strong>Cr\u00e9ons votre stand d\u00e8s maintenant !<\/strong><\/a><\/div><\/div><\/div><\/div><\/div>\n\n\n","protected":false},"excerpt":{"rendered":"","protected":false},"author":1,"featured_media":0,"parent":0,"menu_order":0,"comment_status":"closed","ping_status":"closed","template":"","meta":{"_eb_attr":"","footnotes":""},"class_list":["post-401","page","type-page","status-publish","hentry"],"_links":{"self":[{"href":"https:\/\/solopub.fr\/index.php\/wp-json\/wp\/v2\/pages\/401","targetHints":{"allow":["GET"]}}],"collection":[{"href":"https:\/\/solopub.fr\/index.php\/wp-json\/wp\/v2\/pages"}],"about":[{"href":"https:\/\/solopub.fr\/index.php\/wp-json\/wp\/v2\/types\/page"}],"author":[{"embeddable":true,"href":"https:\/\/solopub.fr\/index.php\/wp-json\/wp\/v2\/users\/1"}],"replies":[{"embeddable":true,"href":"https:\/\/solopub.fr\/index.php\/wp-json\/wp\/v2\/comments?post=401"}],"version-history":[{"count":12,"href":"https:\/\/solopub.fr\/index.php\/wp-json\/wp\/v2\/pages\/401\/revisions"}],"predecessor-version":[{"id":1144,"href":"https:\/\/solopub.fr\/index.php\/wp-json\/wp\/v2\/pages\/401\/revisions\/1144"}],"wp:attachment":[{"href":"https:\/\/solopub.fr\/index.php\/wp-json\/wp\/v2\/media?parent=401"}],"curies":[{"name":"wp","href":"https:\/\/api.w.org\/{rel}","templated":true}]}}